t c(u) = u**2 - 3*u - 4. What is the tens digit of c(y)?
2
Let y(s) = -63*s**3 - s**2 + s + 1. Let n be y(-1). Let p = n + -35. What is the units digit of p?
7
Suppose -4*h + 7*h - 1003 = -t, -2*t = -3*h - 1997. What is the tens digit of t?
0
Suppose 5*g = m + 5, 3*m - 4*g + 33 = 8*m. Suppose -m*l + 285 = -3*s, 5*s + 158 + 29 = 3*l. What is the units digit of l?
4
Suppose 2*i + 871 = u, 71*i - 75*i + 859 = u. What is the hundreds digit of u?
8
Suppose 64 = 3*g + 154. Let p be (-6)/(-1)*(-4)/(-2). What is the tens digit of p/(-9)*-3 - g?
3
Let g = -33 - -19. Let f(x) = -x**3 - 8*x**2 + 3*x - 10. Let m be f(-8). Let w = g - m. What is the tens digit of w?
2
Let z = -136 + 598. What is the hundreds digit of z?
4
What is the tens digit of 0 + -4 - (6200 + -4)/(-4)?
4
Suppose 3*s - 8*s - 5 = 0. Let w = s + 17. What is the tens digit of w?
1
Let x(a) = a**3 + 8*a**2 - 2*a + 1782. What is the hundreds digit of x(0)?
7
Let f = 85 - -169. What is the hundreds digit of f?
2
Suppose 3*i = 4*t - 0*i - 35, i - 20 = -5*t. Suppose -y - 2*k = -16, -50 = -t*y - k - 3*k. Let x(m) = -m**3 + 8*m**2 - 6*m - 7. What is the tens digit of x(y)?
2
Let b be (-20522)/(-14) - 4*6/(-168). Suppose h = 2*x - 593, 10*x - b = 5*x - 3*h. What is the units digit of x?
5
Let m = 173 - 12. What is the tens digit of m?
6
Suppose 278*c - 282*c - 2*w = -12312, 15368 = 5*c - 3*w. What is the units digit of c?
6
Suppose 2*k = -3*w + 21, 0*k - 36 = -3*k - 3*w. Let o = k - 7. What is the units digit of o?
8
Suppose 0 = -52*c + 101*c - 216090. What is the hundreds digit of c?
4
Let l(x) = -x**2 - x. Let b be l(1). What is the units digit of b/2 - (1 - 62)?
0
Let c = 197 - 82. Let l = c - 14. What is the hundreds digit of l?
1
Let k(z) = -5*z**3 - 3*z**2 - 14*z - 2. What is the units digit of k(-5)?
8
Let l be (-3 + 1)*1 + 26 + -22. Let g(i) be the first derivative of i**4/4 - i**3/3 + i + 1. What is the units digit of g(l)?
5
Let z = 1048 - 1089. Let t(q) = -q**3 - q - 59. Let d be t(0). Let s = z - d. What is the units digit of s?
8
Let m be (-238)/(2/(-1)) - 2. Suppose -7*x + m = -107. What is the units digit of x?
2
Let i = 27 + -12. Suppose i + 9 = h. What is the units digit of h?
4
Let t(v) = 14*v**2 + 2*v + 7. Let d be t(-2). What is the tens digit of (8/(-8))/((-1)/d)?
5
Let s = 776 + -536. Suppose 7*b - 838 = s. What is the units digit of b?
4
Let m(c) = -c**3 - 5*c**2 - 6*c - 5. Let u be m(-11). Suppose -4*a + 385 + u = 0. What is the hundreds digit of a?
2
Let h = 318 + 2255. What is the units digit of h?
3
Let v = 2 - 2. What is the units digit of (2 - v) + (12 - -79)?
3
Let l(u) = u**3 + 9*u**2 - 22*u. Let z be l(-9). Suppose -4*v + z = -v. What is the tens digit of v?
6
Suppose 6*u + 20 = 8*u. Suppose -3*t + 27 = -3*g, -2*g + u = -4*g. What is the units digit of (-2)/8 - (-21)/t?
5
Let q = -655 + 2845. What is the tens digit of q?
9
Suppose 6 = -k + 7. Suppose -5*u = d - 4*u + k, 5*u = -20. Suppose 4*z = 4*p + 244, -7*z + 2*z + 305 = -d*p. What is the units digit of z?
1
What is the tens digit of (-1)/(2/(-316)) - 42/14?
5
Let z(k) = -k**2 + 17*k - 7. Let m be z(7). Suppose 0 = 3*w + 5*n - 175, 2*w - m = 3*n + 22. What is the tens digit of w?
5
Let f be -4 + 5/(20/32). Suppose -f*c + y + 93 = -111, 5*y = -2*c + 80. What is the tens digit of c?
5
Let j = -2 + 2. Suppose y + 2*y = -4*o + 100, j = 2*y - 4*o - 80. Let b = y - 23. What is the tens digit of b?
1
Let g = 0 - -1. Suppose 0 = 4*t + 11 + 93. What is the tens digit of 0/(g + 3) - t?
2
Suppose 4*z + 2*c = 2798, -z - 12*c + 8*c + 703 = 0. What is the tens digit of z?
9
Let r(n) = n**2 - 3*n + 3. Let y be r(3). Suppose y*s - 32 = 7*s. Let a(m) = -m**3 - 8*m**2 - m + 1. What is the units digit of a(s)?
9
Let l(z) = z**3 - 3*z**2 + z. Let b be l(1). Let a be -2 + b*(-14)/(-2). Let p = a - -21. What is the units digit of p?
2
Suppose -7 = -7*v - 0. Suppose 4*x - 335 = 4*q + v, 338 = 4*x - 5*q. What is the tens digit of x?
8
Let v be (-2)/(3/(3/(-2))). What is the units digit of (5 + -4)/v*2?
2
Suppose 3*z = 2*z - 8. Let s(k) = -k**3 - 8*k**2 - 11*k. What is the tens digit of s(z)?
8
Let p be 1138/5 - (-18)/45. Let s = p - 147. What is the tens digit of s?
8
Let d(r) = 35*r**3 - r. Let x = 10 - 9. What is the tens digit of d(x)?
3
Let j(x) = 4*x**2 + 3*x - 34. What is the tens digit of j(5)?
8
Let b(r) be the first derivative of r**2 - r - 22. Let z be (22/2)/(-1 + 2). What is the tens digit of b(z)?
2
Let i(f) = 852*f**2 + 11*f - 3. What is the hundreds digit of i(-1)?
8
Suppose -6*l = -l - 345. Suppose 0 = 5*g - l - 146. What is the tens digit of g?
4
Suppose -259*j - 10 = -261*j. Suppose d + 42 = 3*d. Let o = j + d. What is the units digit of o?
6
Let t = -352 - -868. What is the units digit of t?
6
Suppose 0*w + 4*k = 4*w - 12, 2*k = 5*w - 6. Suppose 0*p - 5*p + 425 = w. What is the units digit of p?
5
Let b = -277 - -1258. What is the tens digit of b?
8
Suppose -4*a = 2*l - 8*a - 20, -3*l - 2 = 2*a. Suppose 0 = -l*h - 24 + 120. What is the units digit of h?
8
Suppose -17 = -2*b + 1. Suppose -5*i + 18 = -5*n + 3, -b = 4*n - 3*i. Suppose -2*d + 2*s = -2*s - 14, n = 2*d + 5*s - 59. What is the tens digit of d?
1
Suppose -8*s + 9 = -5*s. Suppose -s*l + c = -106, 3*l - 110 = -2*c + 4*c. What is the tens digit of l?
3
Let v = 8 - 29. Let n = -22 - v. What is the units digit of 10/(1/n - -2)?
0
Suppose -3*q = 3*h - 588, 25*q - 596 = 22*q - 5*h. What is the hundreds digit of q?
1
Let o(t) = 28*t**2 + 2*t + 2. Let d be o(3). What is the units digit of (d/2 - 4) + -2?
4
Suppose 0 = n - 5 - 0. Suppose 9*i = n*i. What is the units digit of 16 - (-4 + 8) - i?
2
Let c(p) = p**2 - 12*p - 3 + 21*p + 2*p**2 - 11*p. What is the units digit of c(4)?
7
Suppose -w - w + 26 = 0. Let k = 0 + w. Suppose -3*c = -15, -6*j + 2*j + k = -3*c. What is the units digit of j?
7
Let q be 12/8*(5 - -1). Let p = 19 - q. What is the units digit of (-24)/(-5) - p/(-50)?
5
Suppose -111 = -y - 2*y. Suppose -4*i = 5*z - 80, z + 5*i = -0*i + y. Suppose -5*o - z = u, o - 12 = -u - 4. What is the tens digit of u?
1
Let j(a) = -5*a + 480. What is the hundreds digit of j(-36)?
6
What is the units digit of ((-148)/37)/((-1)/79)?
6
Suppose 180102 - 2036 = 49*i. What is the hundreds digit of i?
6
Let f = -33 + 23. Let l = -40 - f. Let h = l - -43. What is the units digit of h?
3
What is the hundreds digit of 6/15 - (-900339)/165?
4
Let q = -13 - -17. Suppose k + 7*s - 3*s = -20, 0 = -4*k + q*s. What is the units digit of k/(-2) - (-1 + -3)?
6
What is the tens digit of 90/(-30) - (-13130)/5?
2
Let b(t) = t**2. Let z(m) = 4*m**2 + 11*m - 4. Let o(j) = 5*b(j) - z(j). Let g be o(11). Suppose g*v = 43 + 45. What is the tens digit of v?
2
Let h = -16 + 12. Let f be (1 + h)*(2 - 3). Suppose 0 = -f*x - 2*i - 0*i + 13, 3*i = -2*x + 12. What is the units digit of x?
3
Suppose 165*o - 2 = 166*o, -5*z + 4*o = -2793. What is the units digit of z?
7
Let w(z) be the third derivative of 29*z**5/12 + z**4/8 + z**3/3 - 39*z**2. What is the units digit of w(-1)?
4
Suppose 1775 = j - 2*i, -5*j - 5*i - 1265 + 10215 = 0. What is the tens digit of j?
8
Let y(b) = -b**2 + 73. Suppose -q + 3*q - 6 = 4*z, -q + 3 = 0. What is the units digit of y(z)?
3
Let r(a) = -a**2 - 11*a - 6. Let u be r(-10). Suppose -5*l = 5*g - 45, l = 3*g + 21 + u. Let k = l + -7. What is the units digit of k?
6
What is the hundreds digit of (9604/147)/((-2)/(-42))?
3
Let v = 23 - 20. Suppose -2*n = v*n - 10. Suppose 2*b = -n*b + 92. What is the units digit of b?
3
Suppose -m = -4 - 2. Suppose 24 + 96 = m*w. Let l = 23 - w. What is the units digit of l?
3
Suppose 2*d - 10 = 7*d. What is the units digit of (1 + 0)/(d*4/(-8))?
1
Suppose 0 = -3*u + 3*d + 24, d + 11 = -5*u + 7*u. What is the tens digit of (u - 0) + 40 + 1?
4
Let r = -40 - -42. Suppose -7*m - 197 = -r*g - 2*m, 5*m - 545 = -5*g. What is the units digit of g?
6
Let n(j) = 161*j + 30. What is the units digit of n(3)?
3
Suppose 0*s + 3*s = -2*x + 43, 2*x + s - 33 = 0. Suppose h - x = 2*p - 4*p, 0 = -h - 4. Suppose 85 = 2*z + a + p, -2*a = 2*z - 76. What is the units digit of z?
8
Suppose 0 = 7*l - 2*l - 25. Suppose 2*z - l*u = 363, 4*u - u = 15. What is the tens digit of z?
9
What is the units digit of 315 + -2*(-1 + 3)?
1
Let q = -24 + 26. Let x(r) = q - 4*